hat is the greatest common divisor of 53 and 1?
1
What is the highest common divisor of 3283 and 14?
7
Calculate the highest common divisor of 240 and 90.
30
Calculate the greatest common divisor of 40 and 660.
20
Calculate the greatest common factor of 560 and 70.
70
Calculate the highest common factor of 292 and 4.
4
What is the greatest common factor of 7420 and 106?
106
What is the highest common factor of 94 and 20?
2
What is the highest common divisor of 180 and 80?
20
Calculate the greatest common divisor of 9 and 16083.
9
What is the greatest common factor of 387 and 43?
43
Calculate the greatest common factor of 25 and 200.
25
Calculate the greatest common divisor of 45 and 90.
45
What is the highest common divisor of 61336 and 44?
44
What is the highest common divisor of 133 and 56?
7
What is the greatest common divisor of 986 and 68?
34
Calculate the highest common divisor of 28 and 791.
7
Calculate the greatest common factor of 200 and 2600.
200
Calculate the greatest common divisor of 265 and 1749.
53
What is the greatest common factor of 220 and 165?
55
What is the greatest common divisor of 39 and 1053?
39
Calculate the highest common factor of 352 and 11.
11
Calculate the highest common divisor of 1599 and 39.
39
What is the greatest common factor of 923 and 284?
71
What is the highest common factor of 19318 and 13?
13
Calculate the greatest common factor of 90 and 144.
18
Calculate the highest common factor of 195 and 2080.
65
Calculate the highest common factor of 2 and 254.
2
What is the highest common factor of 342 and 9?
9
Calculate the highest common divisor of 6636 and 504.
84
Calculate the greatest common factor of 777 and 111.
111
Calculate the highest common factor of 95 and 4313.
19
Calculate the highest common divisor of 905 and 50.
5
What is the greatest common factor of 156 and 72?
12
What is the highest common factor of 14175 and 27?
27
Calculate the greatest common factor of 1104 and 48.
48
Calculate the highest common factor of 9126 and 72.
18
What is the greatest common divisor of 35368 and 8?
8
Calculate the greatest common divisor of 50 and 175.
25
Calculate the highest common divisor of 30 and 720.
30
Calculate the greatest common factor of 938 and 1008.
14
What is the highest common divisor of 2134 and 22?
22
Calculate the greatest common divisor of 1568 and 882.
98
Calculate the greatest common factor of 72 and 405.
9
What is the highest common factor of 217 and 5859?
217
Calculate the greatest common factor of 7945 and 105.
35
What is the greatest common factor of 32 and 144?
16
What is the greatest common divisor of 6 and 654?
6
Calculate the highest common divisor of 4473 and 84.
21
What is the greatest common divisor of 9 and 38601?
9
What is the greatest common factor of 575 and 253?
23
Calculate the greatest common factor of 102 and 6.
6
What is the highest common factor of 1391 and 963?
107
Calculate the greatest common divisor of 1548 and 8.
4
What is the highest common divisor of 12 and 78?
6
What is the greatest common factor of 5 and 7?
1
What is the greatest common divisor of 27 and 153?
9
What is the highest common divisor of 135 and 1305?
45
Calculate the highest common factor of 126 and 90.
18
What is the greatest common divisor of 267 and 39?
3
Calculate the greatest common divisor of 2623 and 61.
61
What is the greatest common factor of 978 and 6?
6
Calculate the highest common divisor of 407 and 37.
37
Calculate the highest common factor of 21 and 13552.
7
Calculate the highest common divisor of 56 and 2160.
8
Calculate the highest common divisor of 37479 and 39.
39
Calculate the greatest common factor of 195 and 18.
3
Calculate the highest common divisor of 1520 and 19.
19
What is the highest common divisor of 170 and 765?
85
What is the highest common divisor of 3 and 201?
3
What is the greatest common divisor of 20 and 3340?
20
Calculate the greatest common factor of 80 and 25.
5
Calculate the highest common divisor of 19513 and 158.
79
What is the highest common factor of 39246 and 186?
186
What is the highest common divisor of 82 and 246?
82
Calculate the greatest common factor of 14 and 3682.
14
What is the highest common factor of 52 and 2613?
13
Calculate the greatest common factor of 263 and 32875.
263
Calculate the highest common divisor of 938 and 42.
14
Calculate the highest common factor of 30 and 1230.
30
What is the greatest common factor of 559 and 13?
13
Calculate the highest common divisor of 943 and 82.
41
What is the greatest common divisor of 77 and 14?
7
What is the highest common divisor of 1230 and 30?
30
What is the highest common divisor of 660 and 580?
20
What is the greatest common divisor of 2862 and 432?
54
Calculate the greatest common factor of 51 and 170.
17
What is the highest common divisor of 3 and 387?
3
What is the greatest common factor of 26 and 13?
13
Calculate the highest common factor of 1619 and 7.
1
Calculate the highest common divisor of 32 and 1.
1
Calculate the highest common factor of 14 and 18074.
14
Calculate the greatest common divisor of 1328 and 83.
83
What is the greatest common factor of 1080 and 162?
54
Calculate the highest common factor of 60 and 348.
12
Calculate the highest common divisor of 5248 and 72.
8
Calculate the highest common divisor of 190 and 3705.
95
Calculate the highest common divisor of 20 and 385.
5
What is the greatest common divisor of 300 and 45?
15
Calculate the highest common divisor of 40 and 110.
10
Calculate the highest common factor of 270 and 585.
45
What is the greatest common factor of 165 and 30?
15
Calculate the highest common factor of 368 and 1242.
46
What is the highest common factor of 78 and 2418?
78
What is the greatest common factor of 385 and 35?
35
What is the highest common factor of 76 and 57?
19
Calculate the greatest common factor of 1139 and 51.
17
Calculate the highest common divisor of 400 and 240.
80
What is the highest common factor of 2 and 50?
2
Calculate the greatest common divisor of 712 and 15842.
178
Calculate the highest common divisor of 266 and 196.
14
Calculate the greatest common divisor of 33 and 99.
33
Calculate the greatest common factor of 200 and 900.
100
Calculate the greatest common divisor of 428 and 48578.
214
What is the highest common divisor of 62 and 18?
2
Calculate the greatest common divisor of 44 and 55.
11
What is the greatest common factor of 11 and 275?
11
Calculate the highest common divisor of 22 and 7.
1
What is the greatest common factor of 3350 and 10?
10
What is the highest common divisor of 4 and 17452?
4
What is the greatest common factor of 24 and 21?
3
What is the highest common factor of 40 and 128?
8
Calculate the highest common divisor of 30761 and 19.
19
What is the greatest common factor of 1650 and 792?
66
What is the greatest common factor of 123 and 6?
3
What is the greatest common factor of 149 and 18923?
149
What is the greatest common divisor of 14 and 8?
2
Calculate the greatest common divisor of 1575 and 350.
175
Calculate the highest common factor of 68 and 391.
17
What is the greatest common factor of 623 and 178?
89
Calculate the greatest common divisor of 342 and 38.
38
What is the highest common factor of 664 and 8?
8
Calculate the highest common divisor of 343 and 490.
49
What is the greatest common divisor of 12593 and 257?
257
What is the highest common divisor of 10842 and 39?
39
What is the highest common divisor of 11 and 97636?
11
What is the greatest common divisor of 10237 and 203?
29
What is the greatest common factor of 9 and 927?
9
What is the highest common divisor of 1612 and 124?
124
What is the greatest common factor of 45 and 9?
9
Calculate the highest common factor of 2639 and 52.
13
Calculate the greatest common divisor of 5 and 5875.
5
Calculate the highest common divisor of 145 and 464.
29
What is the greatest common factor of 13 and 767?
13
What is the greatest common divisor of 181 and 1267?
181
Calculate the greatest common divisor of 726 and 198.
66
Calculate the greatest common divisor of 10 and 78.
2
Calculate the greatest common divisor of 70 and 28.
14
Calculate the greatest common factor of 42562 and 26.
26
Calculate the highest common divisor of 4491 and 9.
9
What is the greatest common d